-10). Suppose h = -5*h + p. Suppose -3*j - 2 = -h. What is the remainder when 46 is divided by j?
10
Suppose -19*h + 847 = -12*h. Calculate the remainder when h is divided by 25.
21
Suppose z - 110 = 3*v, 5*v = -4*z + 9*z - 190. Let m = -29 - v. What is the remainder when 25 is divided by m?
4
Let h(m) = -m**3 + 9*m**2 + m - 4. Let f be h(9). Suppose -820 + 180 = -f*g. Let n = -74 + g. Calculate the remainder when n is divided by 14.
12
Suppose 0 = n - 341 + 314. Calculate the remainder when n is divided by 4.
3
Suppose -z + 57 = 2*z. Suppose j - z = 20. Let w = 19 - 9. What is the remainder when j is divided by w?
9
What is the remainder when 85 + (9 - (4 - 0)) is divided by 24?
18
Suppose 0 = -2*j - q + 100, -5*j + 4*j + 2*q = -45. Calculate the remainder when j is divided by 22.
5
Let d be (7/3)/(2/42). Let t be (-10)/(-25) - 127/5. Let n = d + t. What is the remainder when 95 is divided by n?
23
Suppose 11*v + 4*i = 16*v - 231, 3*i = 5*v - 227. Calculate the remainder when 54 is divided by v.
11
Suppose -11 = -o + 8. Suppose 3*f - 280 = p, 184 = 2*f + 6*p - 8*p. What is the remainder when f is divided by o?
18
Let q = 10 - 4. Let i be (-9)/(0 - -3) + q. Suppose -y - i*y = -2*a - 70, 4*y + a - 55 = 0. What is the remainder when 28 is divided by y?
13
Suppose -2*y + 2*i = -i - 7, -y + 3*i = 1. Suppose 0 = -4*j + y*j - 152. What is the remainder when j is divided by 13?
12
Let r = -127 - -247. Let h = -79 + r. Suppose -5*b - 2*j - j + 55 = 0, 4*j = -2*b + 8. What is the remainder when h is divided by b?
13
Suppose -13*l - l + 42 = 0. Suppose -l*g + 110 = 2*g. What is the remainder when 37 is divided by g?
15
Let y(o) = -2*o**2 - 37*o - 95. Calculate the remainder when 819 is divided by y(-6).
49
Let f = -308 + 487. What is the remainder when f is divided by 45?
44
What is the remainder when 111 is divided by (-9 - -11) + (2*12 - -3)?
24
Suppose 0 = -3*i - v - 8, -8 = -4*v - 4. Let r be (-136)/i + (-2)/(-3). Let g = r - 32. What is the remainder when 53 is divided by g?
11
Suppose 147*o + 144 = 159*o. Calculate the remainder when 46 is divided by o.
10
Let c = 91 - -193. Calculate the remainder when c is divided by 22.
20
Suppose 4*y - 837 = 4047. Calculate the remainder when y is divided by 17.
14
Suppose 0 = -4*t - 2*r + 11 + 5, 5*t = 2*r + 2. Suppose 0 = s - 6*i + i, t*s + i = 0. Calculate the remainder when 13 is divided by s/(-1) - 40/(-5).
5
Let b(s) = -s**3 - 18*s**2 - 34*s - 29. Calculate the remainder when b(-17) is divided by 67.
59
Suppose -3*r + 20 = f, 4*f - 130 = -134*r + 132*r. Calculate the remainder when 113 is divided by f.
8
Suppose 2*l - 3*u - 27 = 0, 0*l + 3*u - 3 = -3*l. Suppose -2*d - 164 = -l*d. What is the remainder when d is divided by 22?
19
Calculate the remainder when 469 is divided by 90/(-315) - 1348/(-14).
85
Let l(v) = 4*v**2 + 50*v + 5. What is the remainder when l(-14) is divided by 16?
9
Suppose 3*y - y - 574 = 0. Let u = y - 194. What is the remainder when u is divided by 24?
21
Let k(u) = u - 1. Let m(o) = 9*o**2 + 4*o - 2. Let n(t) = -5*k(t) + m(t). Calculate the remainder when 256 is divided by n(2).
34
Let m = 51 + -90. Let n = -19 - m. What is the remainder when 4 + (-5152)/(-96) + 4/(-6) is divided by n?
17
Suppose -9916 + 1156 = -60*f. Calculate the remainder when f is divided by 64.
18
Let l(x) = -x**3 + 6*x**2 + 3*x - 6. Let r be l(6). Let z(c) = 7*c - 13 + c - 6*c + 0*c. Calculate the remainder when 31 is divided by z(r).
9
Let z(w) = w**2 - 2*w + 3. Let u be z(2). Suppose 2*i = 5*y + 5*i + 223, -y + u*i - 59 = 0. Let n = 6 - y. Calculate the remainder when n is divided by 18.
17
Let r(p) = 10*p - 34. Let u be r(19). Calculate the remainder when (11/3)/(4/u) is divided by 18.
17
Let o = 576 - 551. What is the remainder when 199 is divided by o?
24
Suppose -21*q + 130 = -11*q. Let r = -19 - -26. What is the remainder when q is divided by r?
6
Let s = -222 - -305. What is the remainder when 326 is divided by s?
77
Suppose -15*h - 148 = -523. Suppose -3*v - h = -178. What is the remainder when 96 is divided by v?
45
Let l = -369 - -405. What is the remainder when 682 is divided by l?
34
Let l be 1110/35 + (-4)/(-14). Suppose -j = -l + 8. Calculate the remainder when j is divided by 14.
10
Let n(s) = -s + 1. Let j be n(-3). Let b = -436 + 447. Let a = b - j. What is the remainder when 12 is divided by a?
5
What is the remainder when (450 - (-4 + -3)) + 2*1 is divided by 66?
63
Suppose -20*o = -16*o - 24. Suppose -44 = -o*i + 70. Let n(z) = 4*z**2 + 3*z + 3. What is the remainder when n(-4) is divided by i?
17
Suppose 0 = -7*g + 247 + 138. What is the remainder when 117 is divided by g?
7
Let t(n) = 2*n + 2. Let q be t(9). Let s = q + -4. What is the remainder when 30 is divided by s?
14
Let a(u) = -8*u + 7*u + 7 - 2. Calculate the remainder when a(-6) is divided by 6.
5
Let o be (0 + (-1)/(-1))*0. Suppose -5*m = 3*k - 60, -3*m - 3*k = -o*m - 42. What is the remainder when m is divided by (4 - 1)*8/6?
1
Let b = -391 - -407. Calculate the remainder when 16 is divided by b.
0
Let f = -6 + 7. Let h(k) = k**2 + 2*k - 1. Let m be h(f). Suppose -m*u = -10 + 2, 3*r = 3*u + 18. What is the remainder when r is divided by 4?
2
Let w = 35 - 0. Let r(u) = u**3 + 5*u**2 + 3. Let p = 34 + -38. Calculate the remainder when w is divided by r(p).
16
Suppose 0 = 3*b - r - 107, 4*b - 212 + 66 = -2*r. What is the remainder when 112 is divided by b?
4
Let t = -43 - 20. Suppose 36 = -0*y + 3*y. What is the remainder when y is divided by t/(-12) + 1/(-4)?
2
Suppose 0 = -4*o + 20, 4*r + o - 167 = -2. Suppose 0 = 2*y - y - 8. Suppose -37 - y = -3*l. Calculate the remainder when r is divided by l.
10
Suppose o - 94 = -j, 375 = 4*j - 2*o + 7*o. What is the remainder when 184 is divided by j?
89
Let c = -42 - -56. Calculate the remainder when 53 is divided by c.
11
Let f(w) = 42*w**2 - w + 1. Suppose 4*t = -2*m + 56 - 10, -4*t = -2*m - 26. Calculate the remainder when f(1) is divided by t.
6
Let d = -263 + 390. Let v = 135 - d. What is the remainder when 78 is divided by v?
6
Let g = -73 + 88. Suppose 18*a - 24 = g*a. Calculate the remainder when a is divided by 8.
0
Let o = -11 - -11. Suppose o = -q + 2*g - 0 - 50, g = -2*q - 125. Calculate the remainder when 33 is divided by q/4*(-8)/10.
9
Let x = -145 + 84. Let p = x + 86. Calculate the remainder when 72 is divided by p.
22
Let f be (0 + 3)/(4 - 3). Suppose 0 = f*s + 104 - 329. What is the remainder when s is divided by (-1652)/(-63) - 4/18?
23
Let p = -212 + 557. Calculate the remainder when p is divided by 29.
26
Let l be 2/(-4) - 30/12. Let n be (25/3)/(l/(-9)). Suppose 0 = -u - 3 + n. What is the remainder when 64 is divided by u?
20
Suppose 5*v + 2*f = 13, -4*f = 3*v - 1 - 4. Suppose 5 = o, 0 = -2*s + o + v*o + 74. What is the remainder when 139 is divided by s?
45
Let n(k) = -k**3 - 7*k**2 + 6*k + 143. What is the remainder when n(0) is divided by 21?
17
Suppose 0 = l - 5*l + 2752. Suppose -t + l = 3*t. Calculate the remainder when t is divided by 29.
27
Suppose -j - 2 = 0, p + 4*j = -p - 54. Let w = p - -29. Calculate the remainder when w is divided by (8/10)/((-2)/(-10)).
2
Let j(h) = h**3 - 33*h**2 + 34*h - 63. Calculate the remainder when 27 is divided by j(32).
0
Let b = -446 + 539. Calculate the remainder when b is divided by 8.
5
What is the remainder when (51/6)/((-1 + 4)/78) is divided by 37?
36
Let w(d) = -12*d - 5 - 17*d - 3 + 6*d. Let j be w(-4). Suppose 7*f = 4*f + j. What is the remainder when f is divided by 10?
8
Suppose 5*j = -0*j - 3*v + 992, 972 = 5*j - 2*v. What is the remainder when j is divided by 75?
46
Suppose 5*i + 25 = -a + 1, 12 = -3*a + 5*i. Let u = -49 - -34. What is the remainder when 14/10 + a/u is divided by 2?
0
Let o(i) be the first derivative of -i**2 + 54*i + 59. What is the remainder when 33 is divided by o(21)?
9
Suppose -3*h = -3*t - 2*t - 49, 5*h + t = 63. Let k = 802 - 795. What is the remainder when h is divided by k?
6
Suppose 19*r = 13*r - 324. Let q = -30 - r. What is the remainder when 117 is divided by q?
21
Let g = -52 - -55. Suppose -g*a - 3 = -333. What is the remainder when a is divided by 23?
18
Calculate the remainder when 254 is divided by ((-512)/48)/(2/(-6)).
30
Let f = 26 + -31. Calculate the remainder when (2